{"id":13,"date":"2024-01-27T17:44:51","date_gmt":"2024-01-27T21:44:51","guid":{"rendered":"https:\/\/consultoria.anzoategui.gob.ve\/?page_id=13"},"modified":"2024-09-13T10:15:38","modified_gmt":"2024-09-13T14:15:38","slug":"events","status":"publish","type":"page","link":"https:\/\/consultoria.anzoategui.gob.ve\/?page_id=13","title":{"rendered":"DESCENTRALIZACI\u00d3N ADMINISTRATIVA"},"content":{"rendered":"\t\t<div data-elementor-type=\"wp-page\" data-elementor-id=\"13\" class=\"elementor elementor-13\">\n\t\t\t\t\t\t\t<div class=\"elementor-element elementor-element-4ab6adb1 e-flex e-con-boxed e-con e-parent\" data-id=\"4ab6adb1\" data-element_type=\"container\" data-settings=\"{&quot;content_width&quot;:&quot;boxed&quot;}\" data-core-v316-plus=\"true\">\n\t\t\t\t\t<div class=\"e-con-inner\">\n\t\t\t\t<div class=\"elementor-element elementor-element-3ff2575 elementor-widget elementor-widget-heading\" data-id=\"3ff2575\" data-element_type=\"widget\" data-widget_type=\"heading.default\">\n\t\t\t\t<div class=\"elementor-widget-container\">\n\t\t\t<style>\/*! elementor - v3.18.0 - 20-12-2023 *\/\n.elementor-heading-title{padding:0;margin:0;line-height:1}.elementor-widget-heading .elementor-heading-title[class*=elementor-size-]>a{color:inherit;font-size:inherit;line-height:inherit}.elementor-widget-heading .elementor-heading-title.elementor-size-small{font-size:15px}.elementor-widget-heading .elementor-heading-title.elementor-size-medium{font-size:19px}.elementor-widget-heading .elementor-heading-title.elementor-size-large{font-size:29px}.elementor-widget-heading .elementor-heading-title.elementor-size-xl{font-size:39px}.elementor-widget-heading .elementor-heading-title.elementor-size-xxl{font-size:59px}<\/style><h2 class=\"elementor-heading-title elementor-size-default\"><strong>FINALIDAD, DENOMINACI\u00d3N Y CLASIFICACI\u00d3N ENTES DESCENTRALIZADOS<\/strong><\/h2>\t\t<\/div>\n\t\t\t\t<\/div>\n\t\t\t\t\t<\/div>\n\t\t\t\t<\/div>\n\t\t<div class=\"elementor-element elementor-element-51f7dea e-flex e-con-boxed e-con e-parent\" data-id=\"51f7dea\" data-element_type=\"container\" data-settings=\"{&quot;content_width&quot;:&quot;boxed&quot;}\" data-core-v316-plus=\"true\">\n\t\t\t\t\t<div class=\"e-con-inner\">\n\t\t\t\t<div class=\"elementor-element elementor-element-27f6395 elementor-widget elementor-widget-text-editor\" data-id=\"27f6395\" data-element_type=\"widget\" data-widget_type=\"text-editor.default\">\n\t\t\t\t<div class=\"elementor-widget-container\">\n\t\t\t<style>\/*! elementor - v3.18.0 - 20-12-2023 *\/\n.elementor-widget-text-editor.elementor-drop-cap-view-stacked .elementor-drop-cap{background-color:#69727d;color:#fff}.elementor-widget-text-editor.elementor-drop-cap-view-framed .elementor-drop-cap{color:#69727d;border:3px solid;background-color:transparent}.elementor-widget-text-editor:not(.elementor-drop-cap-view-default) .elementor-drop-cap{margin-top:8px}.elementor-widget-text-editor:not(.elementor-drop-cap-view-default) .elementor-drop-cap-letter{width:1em;height:1em}.elementor-widget-text-editor .elementor-drop-cap{float:left;text-align:center;line-height:1;font-size:50px}.elementor-widget-text-editor .elementor-drop-cap-letter{display:inline-block}<\/style>\t\t\t\t<ol><li><strong><u>Finalidad de la descentralizaci\u00f3n<\/u><\/strong>: Es una figura jur\u00eddica destinada a satisfacer necesidades p\u00fablicas.<\/li><li><strong><u>Razones para su creaci\u00f3n<\/u><\/strong>:<ol><li>Han aparecido nuevas necesidades que se masifican y obligan al Estado a atender a su satisfacci\u00f3n.<\/li><li>Porque los servicios que las atend\u00edan han pasado de manos de los particulares a las del Estado<\/li><\/ol><\/li><li><strong><u>Denominaci\u00f3n<\/u><\/strong>:<ol><li><strong>Doctrinariamente se denominan<\/strong>:<ol><li>Personas p\u00fablicas de derecho privado (<strong>Entes descentralizados con fines empresariales<\/strong>)<\/li><li>Personas p\u00fablicas de derecho p\u00fablico (<strong>entes descentralizados sin fines empresariales<\/strong>)<\/li><\/ol><\/li><li><strong>Jur\u00eddicamente<a href=\"#_ftn1\" name=\"_ftnref1\">[1]<\/a> se denominan<\/strong>:<ol><li>Entes Descentralizado con Fines Empresariales (<strong>Personas p\u00fablicas de derecho privado<\/strong>) (Compa\u00f1\u00edas An\u00f3nimas o Sociedades An\u00f3nimas).<ol><li>Empresas del estado, entre las cuales podemos encontrar:<ol><li>PROANZO\u00c1TEGUI<\/li><li>COVINEA<\/li><li>VIANZ<\/li><li>CORANZTUR<\/li><li>CORPOMINAS<\/li><li>ECOANZO\u00c1TEGUI<\/li><li>\u00a0ENTRE OTROS<\/li><\/ol><\/li><li>Entes Descentralizados sin Fines Empresariales (<strong>Personas P\u00fablicas de derecho p\u00fablico<\/strong>) (Institutos Aut\u00f3nomos o Institutos P\u00fablicos, las fundaciones del estado y las asociaciones civiles sin fines de lucro)<ol><li>Institutos p\u00fablicos o institutos aut\u00f3nomos<ol><li>SEVIGEA<\/li><li>IDANZ<\/li><li>SALUDANZ<\/li><li>IEMA<\/li><li>PBANZ<\/li><li>ENTRE OTROS<\/li><\/ol><\/li><li>Fundaciones<ol><li>Las Casitas Azules<\/li><li>FASGANZ<\/li><li>DAPS<\/li><li>ENTRE OTROS.<\/li><\/ol><\/li><\/ol><\/li><\/ol><\/li><\/ol><\/li><\/ol><\/li><\/ol><p>mecanismo jur\u00eddico para <u>crear<\/u> estos entes descentralizados funcionalmente:<\/p><ol><li><strong><u>\u00d3rgano competente para crear el ente descentralizado funcionalmente<\/u><\/strong>:<ol><li>En el caso de las <strong><u>empresas del estado, las fundaciones y las sociedades civiles<\/u><\/strong> sin fines de lucro: es el <strong>Gobernador o la Gobernadora<\/strong> del estado Anzo\u00e1tegui.<\/li><li>En el supuesto de los <strong><u>institutos aut\u00f3nomo o institutos p\u00fablicos<\/u><\/strong>: es el <strong>Consejo Legislativo<\/strong> mediante Ley de Creaci\u00f3n.<\/li><\/ol><\/li><li><strong><u>Mecanismo para su creaci\u00f3n<\/u><\/strong>:<ol><li>En el caso de las <strong><u>empresas del estado, las fundaciones y las sociedades civiles<\/u><\/strong> sin fines de lucro: <strong>mediante Decreto<\/strong> que se deber\u00e1 <strong>publicar en la Gaceta Oficial del estado Anzo\u00e1tegui<\/strong>.<\/li><li>En el supuesto de los <strong><u>institutos aut\u00f3nomo o institutos p\u00fablicos<\/u><\/strong>: <strong>mediante la Ley de Creaci\u00f3n.<\/strong><\/li><\/ol><\/li><li><strong><u>Personalidad jur\u00eddica<\/u><\/strong>:<ol><li><strong><u>Empresas del estado<\/u><\/strong>: Adquieren la Personalidad Jur\u00eddica con la inscripci\u00f3n de sus Estatutos Sociales y el Decreto de creaci\u00f3n ante el Registro Mercantil y la publicaci\u00f3n de estos documentos en la Gaceta Oficial del estado Anzo\u00e1tegui.<\/li><li><strong><u>Fundaciones y asociaciones civiles<\/u><\/strong>: Adquieren la Personalidad Jur\u00eddica con la inscripci\u00f3n de sus Estatutos Sociales y el Decreto de Creaci\u00f3n ante el Registro P\u00fablico del municipio donde va a funcionar el ente descentralizado y la publicaci\u00f3n de estos documentos en la Gaceta Oficial del estado Anzo\u00e1tegui.<\/li><li><strong><u>Institutos aut\u00f3nomos o institutos p\u00fablicos<\/u><\/strong>: Con la promulgaci\u00f3n de la Ley de su Creaci\u00f3n.<\/li><\/ol><\/li><\/ol><p>funcionamiento de estos entes descentralizados para el cumplimiento de sus fines p\u00fablicos:<\/p><p><strong><u>\u00d3RGANO COMPETENTE PARA REALIZAR LA GESTI\u00d3N ADMINISTRATIVA DIARIA DEL ENTE<\/u><\/strong>: Una vez que estos entes descentralizados funcionalmente han sido creados, bien sean con fines empresariales o sin fines empresariales, <strong>LOS \u00d3RGANOS RESPONSABLES<\/strong> de ejecutar la gesti\u00f3n administrativa diaria y responsables de cumplir el objeto social o el fin p\u00fablico para el cual fueron creados, son el <strong>PRESIDENTE<\/strong> y la <strong>JUNTA DIRECTIVA O CONSEJO DIRECTIVO<\/strong> del ente.<\/p><p><strong><u>ROL DEL GOBERNADOR EN LOS ENTES DESCENTRALIZADOS CON FINES EMPRESARIALES (EMPRESAS DEL ESTADO)<\/u><\/strong>:<\/p><ol><li><strong><u>El Gobernador del estado Anzo\u00e1tegui<\/u><\/strong>, act\u00faa <strong><u>como representante<\/u><\/strong> del estado Anzo\u00e1tegui <strong><u>en su condici\u00f3n de accionista<\/u><\/strong> y debe <strong><u>cumplir las funciones que el C\u00f3digo de Comercio le asigna a los accionistas de las empresas privadas<\/u><\/strong>, como lo son: Designaci\u00f3n de los miembros de la junta directiva o consejo directivo y del presidente de la empresa; aumento o disminuci\u00f3n del capital; designaci\u00f3n del comisario; aumento o disminuci\u00f3n de la duraci\u00f3n de la empresa; liquidaci\u00f3n de la empresa; aprobaci\u00f3n o improbaci\u00f3n de los balances.<\/li><\/ol><p><strong><u>ROL DEL GOBERNADOR EN LOS ENTES DESCENTRALIZADOS SIN FINES EMPRESARIALES<\/u><\/strong><u>: <strong>(FUNDACIONES Y LOS INSTITUTOS AUT\u00d3NOMOS)<\/strong><\/u>:<\/p><ol><li><strong><u>el Gobernador del estado Anzo\u00e1tegui<\/u><\/strong>, act\u00faa <strong><u>como representante<\/u><\/strong> del estado Anzo\u00e1tegui y la competencia que le corresponde cumplir es la <strong>designaci\u00f3n de los miembros de la junta directiva o consejo directivo y del presidente del ente<\/strong>.<\/li><\/ol><p><strong><u>\u00d3RGANO COMPETENTE PARA EJERCER EL CONTROL SOBRE ESTOS ENTES DESCENTRALIZADOS<\/u><\/strong>:<\/p><p>El \u00f3rgano competente para ejercer el control es el denominado <strong>\u00d3RGANO DE ADSCRIPCI\u00d3N<\/strong>, consagrado en el art\u00edculo 114 de la Ley de Administraci\u00f3n P\u00fablica del estado Anzo\u00e1tegui.<\/p><p>El tipo de control que ejerce el estado a trav\u00e9s del \u00f3rgano de adscripci\u00f3n es el siguiente:<\/p><ol><li>En las empresas del estado, el control es el accionario (a trav\u00e9s de los dividendos y su distribuci\u00f3n)<\/li><li>En las fundaciones y los institutos aut\u00f3nomos, el control es el de tutela (vigila el manejo de los recursos p\u00fablicos).<\/li><\/ol><p>R\u00c9GIMEN JUR\u00cdDICO QUE REGULA LOS ENTES DESCENTRALIZADOS FUNCIONALMENTE:<\/p><ol><li><strong>Sociedades An\u00f3nimas o Compa\u00f1\u00edas An\u00f3nimas<\/strong>: Son entes descentralizados funcionalmente <u>CON FINES EMPRESARIALES<\/u><ol><li>Para el cumplimiento de su <strong>OBJETO SOCIAL<\/strong>: Se rigen por los <strong><u>Estatutos Sociales<\/u><\/strong> y por el <strong><u>C\u00f3digo de Comercio<\/u><\/strong>.<\/li><li>Para regular las <strong>RELACIONES LABORALES<\/strong> entre sus trabajadores y la empresa: se aplica la <strong><u>Ley Org\u00e1nica del Trabajo, los Trabajadores y las Trabajadoras<\/u><\/strong>.<\/li><li>En la <strong>PLANIFICACI\u00d3N Y<\/strong> <strong>EJECUCI\u00d3N FINANCIERA Y PRESUPUESTARIA<\/strong>, se van a regir por la <strong><u>Ley Org\u00e1nica de la Administraci\u00f3n Financiera del Sector P\u00fablico<\/u><\/strong> y la <strong><u>Ley de Administraci\u00f3n Financiera del estado Anzo\u00e1tegui<\/u><\/strong>.<\/li><li><strong>El CONTROL FISCAL<\/strong>, se ejerce a trav\u00e9s de la <strong><u>Ley Org\u00e1nica de la Contralor\u00eda General de la Rep\u00fablica y del Sistema Nacional de Control Fiscal<\/u><\/strong> y dem\u00e1s normas de control fiscal.<\/li><\/ol><\/li><li><strong>Institutos Aut\u00f3nomos o Institutos P\u00fablicos<\/strong>: Son entes descentralizados <u>SIN FINES EMPRESARIALES<\/u><ol><li>Para el cumplimiento de su <strong>FIN P\u00daBLICO<\/strong> para el cual fue creado: Se rigen por la <strong><u>Ley de su Creaci\u00f3n<\/u><\/strong>.<\/li><li>Para regular las <strong>RELACIONES LABORALES<\/strong> entre sus funcionarios y sus trabajadores y el Instituto:<ol><li><strong><u>Se rigen por la Ley Org\u00e1nica del Trabajo, los Trabajadores y las Trabajadoras<\/u><\/strong>, para el personal <strong>obrero.<\/strong><\/li><li><strong><u>Ley del Estatuto de la Funci\u00f3n P\u00fablica<\/u><\/strong>, para el personal <strong>administrativo<\/strong>.<\/li><\/ol><\/li><li>En la <strong>PLANIFICACI\u00d3N Y<\/strong> <strong>EJECUCI\u00d3N FINANCIERA Y PRESUPUESTARIA<\/strong>, se van a regir por la <strong><u>Ley Org\u00e1nica de la Administraci\u00f3n Financiera del Sector P\u00fablico<\/u><\/strong> y la <strong><u>Ley de Administraci\u00f3n Financiera del estado Anzo\u00e1tegui<\/u><\/strong> y dem\u00e1s <strong><u>leyes que regulan la actividad de la Administraci\u00f3n P\u00fablica<\/u><\/strong>.<\/li><li><strong>El CONTROL FISCAL<\/strong>, se ejerce a trav\u00e9s de la <strong><u>Ley Org\u00e1nica de la Contralor\u00eda General de la Rep\u00fablica y del Sistema Nacional de Control Fiscal<\/u><\/strong> y dem\u00e1s normas de control fiscal.<\/li><\/ol><\/li><li><strong>Fundaciones y Asociaciones Civiles<\/strong>: Son entes descentralizados <u>SIN FINES EMPRESARIALES<\/u><ol><li>Para el cumplimiento de su <strong>FIN P\u00daBLICO<\/strong> para el cual fueron creadas: Se rigen por el <strong><u>C\u00f3digo Civil<\/u><\/strong>.<\/li><li>Para regular las <strong>RELACIONES LABORALES<\/strong> entre sus trabajadores y estos entes descentralizados:<ol><li><strong><u>Se rigen por la Ley Org\u00e1nica del Trabajo, los Trabajadores y las Trabajadoras<\/u><\/strong><strong>.<\/strong><\/li><\/ol><\/li><li>En la <strong>PLANIFICACI\u00d3N Y<\/strong> <strong>EJECUCI\u00d3N FINANCIERA Y PRESUPUESTARIA<\/strong>, se van a regir por la <strong><u>Ley Org\u00e1nica de la Administraci\u00f3n Financiera del Sector P\u00fablico<\/u><\/strong> y la <strong><u>Ley de Administraci\u00f3n Financiera del estado Anzo\u00e1tegui<\/u><\/strong> y dem\u00e1s <strong><u>leyes que regulan la actividad de la Administraci\u00f3n P\u00fablica<\/u><\/strong>.<\/li><li><strong>El CONTROL FISCAL<\/strong>, se ejerce a trav\u00e9s de la <strong><u>Ley Org\u00e1nica de la Contralor\u00eda General de la Rep\u00fablica y del Sistema Nacional de Control Fiscal<\/u><\/strong> y dem\u00e1s normas de control fiscal.<\/li><\/ol><\/li><\/ol><p><a href=\"#_ftnref1\" name=\"_ftn1\">[1]<\/a> Ley Org\u00e1nica de Administraci\u00f3n Financiera del Sector P\u00fablico (a\u00f1o 2015) y<\/p><p>\u00a0 Ley de Administraci\u00f3n Financiera del Sector P\u00fablico Estado Anzo\u00e1tegui (a\u00f1o 2014).<\/p>\t\t\t\t\t\t<\/div>\n\t\t\t\t<\/div>\n\t\t\t\t\t<\/div>\n\t\t\t\t<\/div>\n\t\t\t\t\t\t\t<\/div>\n\t\t","protected":false},"excerpt":{"rendered":"<p>CONTENTS<\/p>\n","protected":false},"author":1,"featured_media":0,"parent":0,"menu_order":0,"comment_status":"closed","ping_status":"open","template":"","meta":{"_monsterinsights_skip_tracking":false,"_monsterinsights_sitenote_active":false,"_monsterinsights_sitenote_note":"","_monsterinsights_sitenote_category":0,"footnotes":""},"class_list":["post-13","page","type-page","status-publish","hentry"],"_links":{"self":[{"href":"https:\/\/consultoria.anzoategui.gob.ve\/index.php?rest_route=\/wp\/v2\/pages\/13","targetHints":{"allow":["GET"]}}],"collection":[{"href":"https:\/\/consultoria.anzoategui.gob.ve\/index.php?rest_route=\/wp\/v2\/pages"}],"about":[{"href":"https:\/\/consultoria.anzoategui.gob.ve\/index.php?rest_route=\/wp\/v2\/types\/page"}],"author":[{"embeddable":true,"href":"https:\/\/consultoria.anzoategui.gob.ve\/index.php?rest_route=\/wp\/v2\/users\/1"}],"replies":[{"embeddable":true,"href":"https:\/\/consultoria.anzoategui.gob.ve\/index.php?rest_route=%2Fwp%2Fv2%2Fcomments&post=13"}],"version-history":[{"count":23,"href":"https:\/\/consultoria.anzoategui.gob.ve\/index.php?rest_route=\/wp\/v2\/pages\/13\/revisions"}],"predecessor-version":[{"id":10254,"href":"https:\/\/consultoria.anzoategui.gob.ve\/index.php?rest_route=\/wp\/v2\/pages\/13\/revisions\/10254"}],"wp:attachment":[{"href":"https:\/\/consultoria.anzoategui.gob.ve\/index.php?rest_route=%2Fwp%2Fv2%2Fmedia&parent=13"}],"curies":[{"name":"wp","href":"https:\/\/api.w.org\/{rel}","templated":true}]}}